5.
1
What is the remainder when 1077145 is divided by 5951?
14
What is the remainder when 3202932 is divided by 6?
0
Calculate the remainder when 7480724 is divided by 935086.
36
What is the remainder when 1470554 is divided by 822?
818
Calculate the remainder when 21601069 is divided by 21601011.
58
What is the remainder when 36680 is divided by 18237?
206
What is the remainder when 68981894 is divided by 470?
464
What is the remainder when 336504 is divided by 30591?
3
Calculate the remainder when 79771778 is divided by 12.
2
Calculate the remainder when 32469409 is divided by 1411713.
10
Calculate the remainder when 21147134 is divided by 56.
22
What is the remainder when 332911447 is divided by 8?
7
What is the remainder when 7755291 is divided by 1871?
1867
Calculate the remainder when 25732 is divided by 2563.
102
What is the remainder when 23399039 is divided by 1680?
1679
What is the remainder when 712527 is divided by 142409?
482
Calculate the remainder when 53072 is divided by 7563.
131
What is the remainder when 22008 is divided by 10574?
860
What is the remainder when 2122268 is divided by 177?
38
Calculate the remainder when 6766902 is divided by 2255623.
33
Calculate the remainder when 33958142 is divided by 1101.
1100
Calculate the remainder when 117345 is divided by 58500.
345
What is the remainder when 148198 is divided by 73855?
488
Calculate the remainder when 4833590 is divided by 321.
293
What is the remainder when 58469 is divided by 397?
110
What is the remainder when 965577 is divided by 678?
105
What is the remainder when 3273490 is divided by 818372?
2
What is the remainder when 194407 is divided by 200?
7
Calculate the remainder when 16170 is divided by 2009.
98
Calculate the remainder when 147850 is divided by 29550.
100
Calculate the remainder when 78177558 is divided by 13.
4
What is the remainder when 8476472 is divided by 170?
102
Calculate the remainder when 4415842 is divided by 169839.
28
Calculate the remainder when 161197599 is divided by 76.
3
What is the remainder when 12670851 is divided by 46?
13
What is the remainder when 850430 is divided by 262?
240
Calculate the remainder when 2506157 is divided by 29835.
17
Calculate the remainder when 6279 is divided by 220.
119
Calculate the remainder when 9911411 is divided by 36.
35
What is the remainder when 1117982 is divided by 1117936?
46
What is the remainder when 144018 is divided by 51?
45
Calculate the remainder when 155472 is divided by 51820.
12
Calculate the remainder when 40394717 is divided by 175.
167
Calculate the remainder when 3068518 is divided by 273.
271
What is the remainder when 2950836 is divided by 151?
145
What is the remainder when 594471 is divided by 1234?
917
Calculate the remainder when 67507 is divided by 63770.
3737
Calculate the remainder when 5543358 is divided by 945.
933
Calculate the remainder when 67384561 is divided by 4454.
4449
Calculate the remainder when 216703 is divided by 8334.
19
What is the remainder when 295401 is divided by 1860?
1521
Calculate the remainder when 120690 is divided by 1896.
1242
Calculate the remainder when 10232924 is divided by 41.
21
What is the remainder when 425985 is divided by 9259?
71
Calculate the remainder when 5607677 is divided by 1401919.
1
Calculate the remainder when 13324 is divided by 5232.
2860
Calculate the remainder when 163864 is divided by 773.
761
What is the remainder when 53225 is divided by 51522?
1703
What is the remainder when 648806 is divided by 90?
86
Calculate the remainder when 603731 is divided by 579.
413
Calculate the remainder when 394604 is divided by 128046.
10466
What is the remainder when 1803241 is divided by 853?
852
Calculate the remainder when 81245 is divided by 11604.
17
What is the remainder when 64867 is divided by 164?
87
Calculate the remainder when 31218352 is divided by 27725.
2
Calculate the remainder when 38925 is divided by 242.
205
Calculate the remainder when 299804 is divided by 1153.
24
What is the remainder when 1585914 is divided by 121993?
5
What is the remainder when 335429 is divided by 1398?
1307
Calculate the remainder when 9577042 is divided by 525.
517
What is the remainder when 37273 is divided by 6931?
2618
Calculate the remainder when 196567169 is divided by 2409.
2405
What is the remainder when 79667 is divided by 76031?
3636
Calculate the remainder when 1779449 is divided by 593078.
215
What is the remainder when 1380211 is divided by 153348?
79
Calculate the remainder when 1516813 is divided by 303362.
3
What is the remainder when 1400510 is divided by 8?
6
Calculate the remainder when 207489976 is divided by 192.
184
What is the remainder when 18469079 is divided by 6156135?
674
Calculate the remainder when 50702 is divided by 3110.
942
Calculate the remainder when 43533162 is divided by 220.
2
What is the remainder when 96564 is divided by 18070?
6214
Calculate the remainder when 11370 is divided by 2088.
930
Calculate the remainder when 2058 is divided by 1386.
672
What is the remainder when 351208517 is divided by 40?
37
Calculate the remainder when 568431 is divided by 23684.
15
Calculate the remainder when 1938319 is divided by 1123.
21
What is the remainder when 3011893 is divided by 1214?
1173
Calculate the remainder when 17474716 is divided by 4533.
1
Calculate the remainder when 20382 is divided by 2709.
1419
What is the remainder when 9866562 is divided by 10027?
10021
Calculate the remainder when 3086543 is divided by 32.
15
Calculate the remainder when 397661 is divided by 66276.
5
Calculate the remainder when 1751 is divided by 1441.
310
What is the remainder when 70809 is divided by 71?
22
Calculate the remainder when 125703 is divided by 5708.
127
What is the remainder when 263498 is divided by 43760?
938
What is the remainder when 7670656 is divided by 426147?
10
Calculate the remainder when 78820 is divided by 343.
273
What is the remainder when 29363258 is divided by 62?
58
Calculate the remainder when 4951230 is divided by 4623.
4620
What is the remainder when 543748 is divided by 54?
22
What is the remainder when 452167 is divided by 452019?
148
What is the remainder when 203843679 is divided by 5072?
5071
What is the remainder when 1664792 is divided by 3635?
3597
What is the remainder when 394181 is divided by 876?
857
What is the remainder when 185670 is divided by 30394?
3306
Calculate the remainder when 401849 is divided by 30.
29
Calculate the remainder when 6071082 is divided by 333.
159
Calculate the remainder when 24473 is divided by 4040.
233
What is the remainder when 626888 is divided by 313387?
114
Calculate the remainder when 7320860 is divided by 10.
0
Calculate the remainder when 3796260 is divided by 401.
394
Calculate the remainder when 97300 is divided by 32408.
76
Calculate the remainder when 1427169 is divided by 475675.
144
What is the remainder when 6615881 is divided by 14?
13
Calculate the remainder when 447409 is divided by 11490.
10789
Calculate the remainder when 3269139 is divided by 3569.
3504
Calculate the remainder when 3000381 is divided by 3686.
3663
What is the remainder when 1053786 is divided by 2911?
4
Calculate the remainder when 1306273 is divided by 236.
13
What is the remainder when 52023301 is divided by 49?
1
Calculate the remainder when 823704 is divided by 25740.
24
Calculate the remainder when 248056 is divided by 5766.
118
What is the remainder when 17866380 is divided by 140?
0
Calculate the remainder when 1551298 is divided by 265.
253
What is the remainder when 4241956 is divided by 3065?
3061
What is the remainder when 109596716 is divided by 50?
16
Calculate the remainder when 1226130 is divided by 31.
18
What is the remainder when 336581 is divided by 31?
14
Calculate the remainder when 54191500 is divided by 13.
12
Calculate the remainder when 797759 is divided by 1494.
1457
What is the remainder when 32030729 is divided by 19?
16
Calculate the remainder when 1827790 is divided by 581.
545
What is the remainder when 8029898 is divided by 2676631?
5
Calculate the remainder when 1294841 is divided by 4204.
9
What is the remainder when 68415107 is divided by 8?
3
Calculate the remainder when 128163 is divided by 853.
213
What is the remainder whe